{"id":5512,"date":"2024-11-03T19:22:28","date_gmt":"2024-11-03T23:22:28","guid":{"rendered":"https:\/\/une.edu.ve\/?page_id=5512"},"modified":"2024-11-03T20:30:47","modified_gmt":"2024-11-04T00:30:47","slug":"eventos","status":"publish","type":"page","link":"https:\/\/une.edu.ve\/?page_id=5512","title":{"rendered":"Eventos"},"content":{"rendered":"\t\t<div data-elementor-type=\"wp-page\" data-elementor-id=\"5512\" class=\"elementor elementor-5512\" data-elementor-post-type=\"page\">\n\t\t\t\t<div class=\"elementor-element elementor-element-8571501 e-flex e-con-boxed e-con e-parent\" data-id=\"8571501\" data-element_type=\"container\" data-settings=\"{&quot;background_background&quot;:&quot;gradient&quot;}\">\n\t\t\t\t\t<div class=\"e-con-inner\">\n\t\t\t\t<div class=\"elementor-element elementor-element-f87eed9 elementor-widget elementor-widget-heading\" data-id=\"f87eed9\" data-element_type=\"widget\" data-widget_type=\"heading.default\">\n\t\t\t\t<div class=\"elementor-widget-container\">\n\t\t\t<h2 class=\"elementor-heading-title elementor-size-default\">Secci\u00f3n de<\/h2>\t\t<\/div>\n\t\t\t\t<\/div>\n\t\t\t\t<div class=\"elementor-element elementor-element-79e5794 elementor-widget elementor-widget-heading\" data-id=\"79e5794\" data-element_type=\"widget\" data-widget_type=\"heading.default\">\n\t\t\t\t<div class=\"elementor-widget-container\">\n\t\t\t<h2 class=\"elementor-heading-title elementor-size-default\">Eventos<\/h2>\t\t<\/div>\n\t\t\t\t<\/div>\n\t\t\t\t<div class=\"elementor-element elementor-element-c73a9eb elementor-widget elementor-widget-heading\" data-id=\"c73a9eb\" data-element_type=\"widget\" data-widget_type=\"heading.default\">\n\t\t\t\t<div class=\"elementor-widget-container\">\n\t\t\t<h2 class=\"elementor-heading-title elementor-size-default\">Descubre todos los eventos que se llevan a cabo en la UNE<\/h2>\t\t<\/div>\n\t\t\t\t<\/div>\n\t\t\t\t\t<\/div>\n\t\t\t\t<\/div>\n\t\t<div class=\"elementor-element elementor-element-505c333 e-flex e-con-boxed e-con e-parent\" data-id=\"505c333\" data-element_type=\"container\">\n\t\t\t\t\t<div class=\"e-con-inner\">\n\t\t\t\t<div class=\"elementor-element elementor-element-703a45f elementor-widget elementor-widget-heading\" data-id=\"703a45f\" data-element_type=\"widget\" data-widget_type=\"heading.default\">\n\t\t\t\t<div class=\"elementor-widget-container\">\n\t\t\t<h2 class=\"elementor-heading-title elementor-size-default\">Pr\u00f3ximos eventos:<\/h2>\t\t<\/div>\n\t\t\t\t<\/div>\n\t\t\t\t<div class=\"elementor-element elementor-element-28ceef5 elementor-grid-3 elementor-grid-tablet-2 elementor-grid-mobile-1 elementor-widget elementor-widget-loop-grid\" data-id=\"28ceef5\" data-element_type=\"widget\" data-settings=\"{&quot;template_id&quot;:5527,&quot;_skin&quot;:&quot;post&quot;,&quot;columns&quot;:&quot;3&quot;,&quot;columns_tablet&quot;:&quot;2&quot;,&quot;columns_mobile&quot;:&quot;1&quot;,&quot;edit_handle_selector&quot;:&quot;[data-elementor-type=\\&quot;loop-item\\&quot;]&quot;,&quot;row_gap&quot;:{&quot;unit&quot;:&quot;px&quot;,&quot;size&quot;:&quot;&quot;,&quot;sizes&quot;:[]},&quot;row_gap_tablet&quot;:{&quot;unit&quot;:&quot;px&quot;,&quot;size&quot;:&quot;&quot;,&quot;sizes&quot;:[]},&quot;row_gap_mobile&quot;:{&quot;unit&quot;:&quot;px&quot;,&quot;size&quot;:&quot;&quot;,&quot;sizes&quot;:[]}}\" data-widget_type=\"loop-grid.post\">\n\t\t\t\t<div class=\"elementor-widget-container\">\n\t\t\t\t\t<div class=\"e-loop-nothing-found-message\">\n\t\t<\/div>\n\t\t\t\t<\/div>\n\t\t\t\t<\/div>\n\t\t\t\t\t<\/div>\n\t\t\t\t<\/div>\n\t\t<div class=\"elementor-element elementor-element-0791831 e-flex e-con-boxed e-con e-parent\" data-id=\"0791831\" data-element_type=\"container\">\n\t\t\t\t\t<div class=\"e-con-inner\">\n\t\t\t\t<div class=\"elementor-element elementor-element-85f0ff7 elementor-widget elementor-widget-heading\" data-id=\"85f0ff7\" data-element_type=\"widget\" data-widget_type=\"heading.default\">\n\t\t\t\t<div class=\"elementor-widget-container\">\n\t\t\t<h2 class=\"elementor-heading-title elementor-size-default\">\u00daltimos eventos:<\/h2>\t\t<\/div>\n\t\t\t\t<\/div>\n\t\t\t\t<div class=\"elementor-element elementor-element-078650e elementor-grid-3 elementor-grid-tablet-2 elementor-grid-mobile-1 elementor-widget elementor-widget-loop-grid\" data-id=\"078650e\" data-element_type=\"widget\" data-settings=\"{&quot;template_id&quot;:5527,&quot;_skin&quot;:&quot;post&quot;,&quot;columns&quot;:&quot;3&quot;,&quot;columns_tablet&quot;:&quot;2&quot;,&quot;columns_mobile&quot;:&quot;1&quot;,&quot;edit_handle_selector&quot;:&quot;[data-elementor-type=\\&quot;loop-item\\&quot;]&quot;,&quot;row_gap&quot;:{&quot;unit&quot;:&quot;px&quot;,&quot;size&quot;:&quot;&quot;,&quot;sizes&quot;:[]},&quot;row_gap_tablet&quot;:{&quot;unit&quot;:&quot;px&quot;,&quot;size&quot;:&quot;&quot;,&quot;sizes&quot;:[]},&quot;row_gap_mobile&quot;:{&quot;unit&quot;:&quot;px&quot;,&quot;size&quot;:&quot;&quot;,&quot;sizes&quot;:[]}}\" data-widget_type=\"loop-grid.post\">\n\t\t\t\t<div class=\"elementor-widget-container\">\n\t\t\t\t\t<div class=\"elementor-loop-container elementor-grid\">\n\t\t<style id=\"loop-dynamic-5527\">.e-loop-item-5449 .elementor-element.elementor-element-181fec1:not(.elementor-motion-effects-element-type-background), .e-loop-item-5449 .elementor-element.elementor-element-181fec1 > .elementor-motion-effects-container > .elementor-motion-effects-layer{background-image:url(\"https:\/\/une.edu.ve\/wp-content\/uploads\/2024\/11\/2db247f5b8a22e8798986eb98dac1aca.jpg\");}<\/style><style id=\"loop-5527\">.elementor-5527 .elementor-element.elementor-element-85b2265{--display:flex;--background-transition:0.3s;--padding-top:0px;--padding-bottom:0px;--padding-left:0px;--padding-right:0px;}.elementor-5527 .elementor-element.elementor-element-181fec1{--display:flex;--min-height:500px;--background-transition:0.3s;}.elementor-5527 .elementor-element.elementor-element-181fec1:not(.elementor-motion-effects-element-type-background), .elementor-5527 .elementor-element.elementor-element-181fec1 > .elementor-motion-effects-container > .elementor-motion-effects-layer{background-position:center center;background-size:cover;}.elementor-5527 .elementor-element.elementor-element-181fec1, .elementor-5527 .elementor-element.elementor-element-181fec1::before{--border-transition:0.3s;}.elementor-widget-heading .elementor-heading-title{color:var( --e-global-color-primary );font-family:var( --e-global-typography-primary-font-family ), Sans-serif;font-weight:var( --e-global-typography-primary-font-weight );}.elementor-5527 .elementor-element.elementor-element-75f3e46{text-align:center;}.elementor-5527 .elementor-element.elementor-element-75f3e46 .elementor-heading-title{color:#0E6577;font-family:\"Montserrat\", Sans-serif;font-size:15px;font-weight:300;}<\/style>\t\t<div data-elementor-type=\"loop-item\" data-elementor-id=\"5527\" class=\"elementor elementor-5527 e-loop-item e-loop-item-5449 post-5449 eventos type-eventos status-publish has-post-thumbnail hentry cronologia-pasado\" data-elementor-post-type=\"elementor_library\" data-custom-edit-handle=\"1\">\n\t\t\t<div class=\"elementor-element elementor-element-85b2265 e-flex e-con-boxed e-con e-parent\" data-id=\"85b2265\" data-element_type=\"container\">\n\t\t\t\t\t<div class=\"e-con-inner\">\n\t\t<div class=\"elementor-element elementor-element-181fec1 e-con-full e-flex e-con e-child\" data-id=\"181fec1\" data-element_type=\"container\" data-settings=\"{&quot;background_background&quot;:&quot;classic&quot;}\">\n\t\t\t\t<\/div>\n\t\t\t\t<div class=\"elementor-element elementor-element-75f3e46 elementor-widget elementor-widget-heading\" data-id=\"75f3e46\" data-element_type=\"widget\" data-widget_type=\"heading.default\">\n\t\t\t\t<div class=\"elementor-widget-container\">\n\t\t\t<h2 class=\"elementor-heading-title elementor-size-default\">17 de Mayo 2023<\/h2>\t\t<\/div>\n\t\t\t\t<\/div>\n\t\t\t\t\t<\/div>\n\t\t\t\t<\/div>\n\t\t\t\t<\/div>\n\t\t<style id=\"loop-dynamic-5527\">.e-loop-item-5447 .elementor-element.elementor-element-181fec1:not(.elementor-motion-effects-element-type-background), .e-loop-item-5447 .elementor-element.elementor-element-181fec1 > .elementor-motion-effects-container > .elementor-motion-effects-layer{background-image:url(\"https:\/\/une.edu.ve\/wp-content\/uploads\/2024\/11\/4797650ff0b0ee24b4134a3805f82e92.jpg\");}<\/style>\t\t<div data-elementor-type=\"loop-item\" data-elementor-id=\"5527\" class=\"elementor elementor-5527 e-loop-item e-loop-item-5447 post-5447 eventos type-eventos status-publish has-post-thumbnail hentry cronologia-pasado\" data-elementor-post-type=\"elementor_library\" data-custom-edit-handle=\"1\">\n\t\t\t<div class=\"elementor-element elementor-element-85b2265 e-flex e-con-boxed e-con e-parent\" data-id=\"85b2265\" data-element_type=\"container\">\n\t\t\t\t\t<div class=\"e-con-inner\">\n\t\t<div class=\"elementor-element elementor-element-181fec1 e-con-full e-flex e-con e-child\" data-id=\"181fec1\" data-element_type=\"container\" data-settings=\"{&quot;background_background&quot;:&quot;classic&quot;}\">\n\t\t\t\t<\/div>\n\t\t\t\t<div class=\"elementor-element elementor-element-75f3e46 elementor-widget elementor-widget-heading\" data-id=\"75f3e46\" data-element_type=\"widget\" data-widget_type=\"heading.default\">\n\t\t\t\t<div class=\"elementor-widget-container\">\n\t\t\t<h2 class=\"elementor-heading-title elementor-size-default\">7 de Septiempre 2023<\/h2>\t\t<\/div>\n\t\t\t\t<\/div>\n\t\t\t\t\t<\/div>\n\t\t\t\t<\/div>\n\t\t\t\t<\/div>\n\t\t<style id=\"loop-dynamic-5527\">.e-loop-item-5443 .elementor-element.elementor-element-181fec1:not(.elementor-motion-effects-element-type-background), .e-loop-item-5443 .elementor-element.elementor-element-181fec1 > .elementor-motion-effects-container > .elementor-motion-effects-layer{background-image:url(\"https:\/\/une.edu.ve\/wp-content\/uploads\/2024\/11\/bf7ecc84cd52ed691fda64f60da6dc6c.jpg\");}<\/style>\t\t<div data-elementor-type=\"loop-item\" data-elementor-id=\"5527\" class=\"elementor elementor-5527 e-loop-item e-loop-item-5443 post-5443 eventos type-eventos status-publish has-post-thumbnail hentry cronologia-pasado\" data-elementor-post-type=\"elementor_library\" data-custom-edit-handle=\"1\">\n\t\t\t<div class=\"elementor-element elementor-element-85b2265 e-flex e-con-boxed e-con e-parent\" data-id=\"85b2265\" data-element_type=\"container\">\n\t\t\t\t\t<div class=\"e-con-inner\">\n\t\t<div class=\"elementor-element elementor-element-181fec1 e-con-full e-flex e-con e-child\" data-id=\"181fec1\" data-element_type=\"container\" data-settings=\"{&quot;background_background&quot;:&quot;classic&quot;}\">\n\t\t\t\t<\/div>\n\t\t\t\t<div class=\"elementor-element elementor-element-75f3e46 elementor-widget elementor-widget-heading\" data-id=\"75f3e46\" data-element_type=\"widget\" data-widget_type=\"heading.default\">\n\t\t\t\t<div class=\"elementor-widget-container\">\n\t\t\t<h2 class=\"elementor-heading-title elementor-size-default\">21 de Octubre 2023<\/h2>\t\t<\/div>\n\t\t\t\t<\/div>\n\t\t\t\t\t<\/div>\n\t\t\t\t<\/div>\n\t\t\t\t<\/div>\n\t\t\t\t<\/div>\n\t\t\n\t\t\t\t<\/div>\n\t\t\t\t<\/div>\n\t\t\t\t\t<\/div>\n\t\t\t\t<\/div>\n\t\t\t\t<\/div>\n\t\t","protected":false},"excerpt":{"rendered":"<p>Secci\u00f3n de Eventos Descubre todos los eventos que se llevan a cabo en la UNE Pr\u00f3ximos eventos: \u00daltimos eventos:<\/p>\n","protected":false},"author":1,"featured_media":0,"parent":0,"menu_order":0,"comment_status":"closed","ping_status":"closed","template":"","meta":{"footnotes":""},"class_list":["post-5512","page","type-page","status-publish","hentry"],"_links":{"self":[{"href":"https:\/\/une.edu.ve\/index.php?rest_route=\/wp\/v2\/pages\/5512","targetHints":{"allow":["GET"]}}],"collection":[{"href":"https:\/\/une.edu.ve\/index.php?rest_route=\/wp\/v2\/pages"}],"about":[{"href":"https:\/\/une.edu.ve\/index.php?rest_route=\/wp\/v2\/types\/page"}],"author":[{"embeddable":true,"href":"https:\/\/une.edu.ve\/index.php?rest_route=\/wp\/v2\/users\/1"}],"replies":[{"embeddable":true,"href":"https:\/\/une.edu.ve\/index.php?rest_route=%2Fwp%2Fv2%2Fcomments&post=5512"}],"version-history":[{"count":16,"href":"https:\/\/une.edu.ve\/index.php?rest_route=\/wp\/v2\/pages\/5512\/revisions"}],"predecessor-version":[{"id":5544,"href":"https:\/\/une.edu.ve\/index.php?rest_route=\/wp\/v2\/pages\/5512\/revisions\/5544"}],"wp:attachment":[{"href":"https:\/\/une.edu.ve\/index.php?rest_route=%2Fwp%2Fv2%2Fmedia&parent=5512"}],"curies":[{"name":"wp","href":"https:\/\/api.w.org\/{rel}","templated":true}]}}