{"id":1453,"date":"2023-06-17T10:39:19","date_gmt":"2023-06-17T14:39:19","guid":{"rendered":"https:\/\/une.edu.ve\/?page_id=1453"},"modified":"2023-11-20T09:45:27","modified_gmt":"2023-11-20T13:45:27","slug":"la-universidad-2","status":"publish","type":"page","link":"https:\/\/une.edu.ve\/?page_id=1453","title":{"rendered":"La Universidad 2"},"content":{"rendered":"\t\t<div data-elementor-type=\"wp-page\" data-elementor-id=\"1453\" class=\"elementor elementor-1453\" data-elementor-post-type=\"page\">\n\t\t\t\t<div class=\"elementor-element elementor-element-3902bd0 e-flex e-con-boxed e-con e-parent\" data-id=\"3902bd0\" data-element_type=\"container\">\n\t\t\t\t\t<div class=\"e-con-inner\">\n\t\t\t\t<div class=\"elementor-element elementor-element-f049d29 elementor-invisible elementor-widget elementor-widget-heading\" data-id=\"f049d29\" data-element_type=\"widget\" data-settings=\"{&quot;_animation&quot;:&quot;fadeInDown&quot;}\" data-widget_type=\"heading.default\">\n\t\t\t\t<div class=\"elementor-widget-container\">\n\t\t\t<h2 class=\"elementor-heading-title elementor-size-default\">La Universidad<\/h2>\t\t<\/div>\n\t\t\t\t<\/div>\n\t\t\t\t\t<\/div>\n\t\t\t\t<\/div>\n\t\t<div class=\"elementor-element elementor-element-aca74a9 e-flex e-con-boxed e-con e-parent\" data-id=\"aca74a9\" data-element_type=\"container\">\n\t\t\t\t\t<div class=\"e-con-inner\">\n\t\t<div class=\"elementor-element elementor-element-592858a e-con-full e-flex e-con e-child\" data-id=\"592858a\" data-element_type=\"container\">\n\t\t\t\t<div class=\"elementor-element elementor-element-ee17c9e elementor-invisible elementor-widget elementor-widget-heading\" data-id=\"ee17c9e\" data-element_type=\"widget\" id=\"re\" data-settings=\"{&quot;_animation&quot;:&quot;fadeInDown&quot;}\" data-widget_type=\"heading.default\">\n\t\t\t\t<div class=\"elementor-widget-container\">\n\t\t\t<h2 class=\"elementor-heading-title elementor-size-default\">Rese\u00f1a Hist\u00f3rica<\/h2>\t\t<\/div>\n\t\t\t\t<\/div>\n\t\t\t\t<div class=\"elementor-element elementor-element-7e2e5ff elementor-widget__width-initial elementor-widget elementor-widget-text-editor\" data-id=\"7e2e5ff\" data-element_type=\"widget\" data-widget_type=\"text-editor.default\">\n\t\t\t\t<div class=\"elementor-widget-container\">\n\t\t\t\t\t\t\t<p>La Universidad Nueva Esparta representa la culminaci\u00f3n de un proyecto educativo iniciado por sus fundadores Dr. Juan B. Marcano Marcano y Prof. Gladys J. Carmona de Marcano, que se gesta a partir del 20 de septiembre de 1954 con la inauguraci\u00f3n del Colegio Nueva Esparta y posteriormente en el a\u00f1o 1963 con la creaci\u00f3n del Instituto Nueva Esparta. El ascenso hacia niveles educativos m\u00e1s elevados se inicia con la creaci\u00f3n de la Escuela de Turismo en 1968. Y en mayo de 1973, se crea el Instituto Universitario Nueva Esparta, en la Especialidad de Empresas Tur\u00edsticas; estando prevista la culminaci\u00f3n del proyecto educativo con la creaci\u00f3n de la Universidad Nueva Esparta que se inaugura el 20 de septiembre de1989, sobre la base de la excelencia en sus edificaciones, equipos y sistemas tecnol\u00f3gicos, con la misi\u00f3n de formar profesionales integrales y altamente calificados para insertarse exitosamente en el mercado laboral.<\/p>\t\t\t\t\t\t<\/div>\n\t\t\t\t<\/div>\n\t\t\t\t<\/div>\n\t\t\t\t\t<\/div>\n\t\t\t\t<\/div>\n\t\t<div class=\"elementor-element elementor-element-9d854cf e-flex e-con-boxed e-con e-parent\" data-id=\"9d854cf\" data-element_type=\"container\">\n\t\t\t\t\t<div class=\"e-con-inner\">\n\t\t<div class=\"elementor-element elementor-element-c9fd4d0 e-con-full e-flex e-con e-child\" data-id=\"c9fd4d0\" data-element_type=\"container\">\n\t\t\t\t<div class=\"elementor-element elementor-element-a660582 elementor-invisible elementor-widget elementor-widget-heading\" data-id=\"a660582\" data-element_type=\"widget\" data-settings=\"{&quot;_animation&quot;:&quot;fadeInDown&quot;}\" data-widget_type=\"heading.default\">\n\t\t\t\t<div class=\"elementor-widget-container\">\n\t\t\t<h2 class=\"elementor-heading-title elementor-size-default\">Modelo Educativo<\/h2>\t\t<\/div>\n\t\t\t\t<\/div>\n\t\t\t\t<div class=\"elementor-element elementor-element-5bc93d0 elementor-widget__width-initial elementor-widget elementor-widget-text-editor\" data-id=\"5bc93d0\" data-element_type=\"widget\" data-widget_type=\"text-editor.default\">\n\t\t\t\t<div class=\"elementor-widget-container\">\n\t\t\t\t\t\t\t<p>La gesti\u00f3n acad\u00e9mica de la UNE est\u00e1 fundamentada en un modelo educativo contempor\u00e1neo de dise\u00f1o curricular, como lo es el de formaci\u00f3n por competencias, que la sit\u00faa en una nueva visi\u00f3n del conocimiento y su vinculaci\u00f3n con la realidad profesional en la articulaci\u00f3n de la teor\u00eda y la pr\u00e1ctica. Desde el modelo de formaci\u00f3n por competencias se establecen enlaces en un proceso de integraci\u00f3n progresiva del conocimiento en el sujeto en formaci\u00f3n, a la vez que ubica el sentido y la significaci\u00f3n de los saberes en el despliegue de las competencias.<\/p>\t\t\t\t\t\t<\/div>\n\t\t\t\t<\/div>\n\t\t\t\t<\/div>\n\t\t\t\t\t<\/div>\n\t\t\t\t<\/div>\n\t\t<div class=\"elementor-element elementor-element-a0476db e-flex e-con-boxed e-con e-parent\" data-id=\"a0476db\" data-element_type=\"container\">\n\t\t\t\t\t<div class=\"e-con-inner\">\n\t\t<div class=\"elementor-element elementor-element-7f4f4f5 e-con-full e-flex e-con e-child\" data-id=\"7f4f4f5\" data-element_type=\"container\">\n\t\t\t\t<div class=\"elementor-element elementor-element-042171c elementor-invisible elementor-widget elementor-widget-heading\" data-id=\"042171c\" data-element_type=\"widget\" data-settings=\"{&quot;_animation&quot;:&quot;fadeInDown&quot;}\" data-widget_type=\"heading.default\">\n\t\t\t\t<div class=\"elementor-widget-container\">\n\t\t\t<h2 class=\"elementor-heading-title elementor-size-default\">Objetivos<\/h2>\t\t<\/div>\n\t\t\t\t<\/div>\n\t\t\t\t<div class=\"elementor-element elementor-element-cddc781 elementor-widget__width-initial elementor-widget elementor-widget-text-editor\" data-id=\"cddc781\" data-element_type=\"widget\" data-widget_type=\"text-editor.default\">\n\t\t\t\t<div class=\"elementor-widget-container\">\n\t\t\t\t\t\t\t<p>\u2022 Formar profesionales universitarios de dimensi\u00f3n personal arm\u00f3nica, \u00edntegros en su proceder, plenos existencialmente, con profundos y suficientes conocimientos te\u00f3rico-pr\u00e1cticos de ciencia y tecnolog\u00eda actualizada, de acuerdo al momento hist\u00f3rico y capaces de proyectar su propia cultura.<\/p><p>\u2022 Participar a nivel nacional, americano y mundial en la investigaci\u00f3n y desarrollo de proyectos y programas, que aseguren la calidad de vida de la poblaci\u00f3n y acrecienten el progreso sostenido e interdependiente del Pa\u00eds.<\/p><p>\u2022 Ofrecer actualizaciones profesionales y de t\u00f3picos cient\u00edficos y tecnol\u00f3gicos.<\/p><p>\u2022 Planificar los postgrados requeridos, de acuerdo a las INSTRUCCIONES del CONSEJO NACIONAL de UNIVERSIDADES.<\/p>\t\t\t\t\t\t<\/div>\n\t\t\t\t<\/div>\n\t\t\t\t<\/div>\n\t\t\t\t\t<\/div>\n\t\t\t\t<\/div>\n\t\t<div class=\"elementor-element elementor-element-0525d59 e-flex e-con-boxed e-con e-parent\" data-id=\"0525d59\" data-element_type=\"container\">\n\t\t\t\t\t<div class=\"e-con-inner\">\n\t\t\t\t<div class=\"elementor-element elementor-element-f4f354c elementor-invisible elementor-widget elementor-widget-heading\" data-id=\"f4f354c\" data-element_type=\"widget\" data-settings=\"{&quot;_animation&quot;:&quot;fadeInDown&quot;}\" data-widget_type=\"heading.default\">\n\t\t\t\t<div class=\"elementor-widget-container\">\n\t\t\t<h2 class=\"elementor-heading-title elementor-size-default\">Organigrama<\/h2>\t\t<\/div>\n\t\t\t\t<\/div>\n\t\t\t\t<div class=\"elementor-element elementor-element-d99c196 elementor-widget elementor-widget-image\" data-id=\"d99c196\" data-element_type=\"widget\" data-widget_type=\"image.default\">\n\t\t\t\t<div class=\"elementor-widget-container\">\n\t\t\t\t\t\t\t\t\t\t\t\t\t<img fetchpriority=\"high\" decoding=\"async\" width=\"1920\" height=\"1371\" src=\"https:\/\/une.edu.ve\/wp-content\/uploads\/2023\/07\/Organigrama_UNE_2014-MieXfZDCs-transformed-1.jpeg\" class=\"attachment-full size-full wp-image-2206\" alt=\"\" srcset=\"https:\/\/une.edu.ve\/wp-content\/uploads\/2023\/07\/Organigrama_UNE_2014-MieXfZDCs-transformed-1.jpeg 1920w, https:\/\/une.edu.ve\/wp-content\/uploads\/2023\/07\/Organigrama_UNE_2014-MieXfZDCs-transformed-1-300x214.jpeg 300w, https:\/\/une.edu.ve\/wp-content\/uploads\/2023\/07\/Organigrama_UNE_2014-MieXfZDCs-transformed-1-1024x731.jpeg 1024w, https:\/\/une.edu.ve\/wp-content\/uploads\/2023\/07\/Organigrama_UNE_2014-MieXfZDCs-transformed-1-768x548.jpeg 768w, https:\/\/une.edu.ve\/wp-content\/uploads\/2023\/07\/Organigrama_UNE_2014-MieXfZDCs-transformed-1-1536x1097.jpeg 1536w\" sizes=\"(max-width: 1920px) 100vw, 1920px\" title=\"\">\t\t\t\t\t\t\t\t\t\t\t\t\t<\/div>\n\t\t\t\t<\/div>\n\t\t\t\t\t<\/div>\n\t\t\t\t<\/div>\n\t\t<div class=\"elementor-element elementor-element-a5b4eec e-flex e-con-boxed e-con e-parent\" data-id=\"a5b4eec\" data-element_type=\"container\">\n\t\t\t\t\t<div class=\"e-con-inner\">\n\t\t\t\t<div class=\"elementor-element elementor-element-4809d30 elementor-invisible elementor-widget elementor-widget-heading\" data-id=\"4809d30\" data-element_type=\"widget\" data-settings=\"{&quot;_animation&quot;:&quot;fadeInDown&quot;}\" data-widget_type=\"heading.default\">\n\t\t\t\t<div class=\"elementor-widget-container\">\n\t\t\t<h2 class=\"elementor-heading-title elementor-size-default\">Autoridades<\/h2>\t\t<\/div>\n\t\t\t\t<\/div>\n\t\t<div class=\"elementor-element elementor-element-671561c e-flex e-con-boxed e-con e-child\" data-id=\"671561c\" data-element_type=\"container\">\n\t\t\t\t\t<div class=\"e-con-inner\">\n\t\t<div class=\"elementor-element elementor-element-454eed3 e-flex e-con-boxed e-con e-child\" data-id=\"454eed3\" data-element_type=\"container\" data-settings=\"{&quot;background_background&quot;:&quot;classic&quot;}\">\n\t\t\t\t\t<div class=\"e-con-inner\">\n\t\t\t\t<div class=\"elementor-element elementor-element-5118738 elementor-widget elementor-widget-heading\" data-id=\"5118738\" data-element_type=\"widget\" data-widget_type=\"heading.default\">\n\t\t\t\t<div class=\"elementor-widget-container\">\n\t\t\t<h2 class=\"elementor-heading-title elementor-size-default\">Rector<\/h2>\t\t<\/div>\n\t\t\t\t<\/div>\n\t\t\t\t<div class=\"elementor-element elementor-element-db80238 elementor-widget elementor-widget-heading\" data-id=\"db80238\" data-element_type=\"widget\" data-widget_type=\"heading.default\">\n\t\t\t\t<div class=\"elementor-widget-container\">\n\t\t\t<h2 class=\"elementor-heading-title elementor-size-default\">Dr Jes\u00fas Alberto Ram\u00edrez S\u00e1nchez<\/h2>\t\t<\/div>\n\t\t\t\t<\/div>\n\t\t\t\t\t<\/div>\n\t\t\t\t<\/div>\n\t\t<div class=\"elementor-element elementor-element-d566dd5 e-flex e-con-boxed e-con e-child\" data-id=\"d566dd5\" data-element_type=\"container\" data-settings=\"{&quot;background_background&quot;:&quot;classic&quot;}\">\n\t\t\t\t\t<div class=\"e-con-inner\">\n\t\t\t\t<div class=\"elementor-element elementor-element-9579998 elementor-widget elementor-widget-heading\" data-id=\"9579998\" data-element_type=\"widget\" data-widget_type=\"heading.default\">\n\t\t\t\t<div class=\"elementor-widget-container\">\n\t\t\t<h2 class=\"elementor-heading-title elementor-size-default\">Secretaria Encargada<\/h2>\t\t<\/div>\n\t\t\t\t<\/div>\n\t\t\t\t<div class=\"elementor-element elementor-element-3d167df elementor-widget elementor-widget-heading\" data-id=\"3d167df\" data-element_type=\"widget\" data-widget_type=\"heading.default\">\n\t\t\t\t<div class=\"elementor-widget-container\">\n\t\t\t<h2 class=\"elementor-heading-title elementor-size-default\">Abg. Eugenia Mora Hidalgo<\/h2>\t\t<\/div>\n\t\t\t\t<\/div>\n\t\t\t\t\t<\/div>\n\t\t\t\t<\/div>\n\t\t<div class=\"elementor-element elementor-element-1ddd15b e-flex e-con-boxed e-con e-child\" data-id=\"1ddd15b\" data-element_type=\"container\" data-settings=\"{&quot;background_background&quot;:&quot;classic&quot;}\">\n\t\t\t\t\t<div class=\"e-con-inner\">\n\t\t\t\t<div class=\"elementor-element elementor-element-a4d645f elementor-widget elementor-widget-heading\" data-id=\"a4d645f\" data-element_type=\"widget\" data-widget_type=\"heading.default\">\n\t\t\t\t<div class=\"elementor-widget-container\">\n\t\t\t<h2 class=\"elementor-heading-title elementor-size-default\">Vicerrectora Acad\u00e9mica Encargada<\/h2>\t\t<\/div>\n\t\t\t\t<\/div>\n\t\t\t\t<div class=\"elementor-element elementor-element-e8e2f15 elementor-widget elementor-widget-heading\" data-id=\"e8e2f15\" data-element_type=\"widget\" data-widget_type=\"heading.default\">\n\t\t\t\t<div class=\"elementor-widget-container\">\n\t\t\t<h2 class=\"elementor-heading-title elementor-size-default\">Lic. Elvira Alfonso<\/h2>\t\t<\/div>\n\t\t\t\t<\/div>\n\t\t\t\t\t<\/div>\n\t\t\t\t<\/div>\n\t\t\t\t\t<\/div>\n\t\t\t\t<\/div>\n\t\t<div class=\"elementor-element elementor-element-f6c7fe6 e-flex e-con-boxed e-con e-child\" data-id=\"f6c7fe6\" data-element_type=\"container\">\n\t\t\t\t\t<div class=\"e-con-inner\">\n\t\t<div class=\"elementor-element elementor-element-1b4c5b2 e-flex e-con-boxed e-con e-child\" data-id=\"1b4c5b2\" data-element_type=\"container\" data-settings=\"{&quot;background_background&quot;:&quot;classic&quot;}\">\n\t\t\t\t\t<div class=\"e-con-inner\">\n\t\t\t\t<div class=\"elementor-element elementor-element-36e9e82 elementor-widget elementor-widget-heading\" data-id=\"36e9e82\" data-element_type=\"widget\" data-widget_type=\"heading.default\">\n\t\t\t\t<div class=\"elementor-widget-container\">\n\t\t\t<h2 class=\"elementor-heading-title elementor-size-default\">Vicerrectora Administrativa<\/h2>\t\t<\/div>\n\t\t\t\t<\/div>\n\t\t\t\t<div class=\"elementor-element elementor-element-a88e6ba elementor-widget elementor-widget-heading\" data-id=\"a88e6ba\" data-element_type=\"widget\" data-widget_type=\"heading.default\">\n\t\t\t\t<div class=\"elementor-widget-container\">\n\t\t\t<h2 class=\"elementor-heading-title elementor-size-default\">Dr. Rosa Mangieri<\/h2>\t\t<\/div>\n\t\t\t\t<\/div>\n\t\t\t\t\t<\/div>\n\t\t\t\t<\/div>\n\t\t<div class=\"elementor-element elementor-element-0ea70f1 e-flex e-con-boxed e-con e-child\" data-id=\"0ea70f1\" data-element_type=\"container\" data-settings=\"{&quot;background_background&quot;:&quot;classic&quot;}\">\n\t\t\t\t\t<div class=\"e-con-inner\">\n\t\t\t\t<div class=\"elementor-element elementor-element-92c94be elementor-widget elementor-widget-heading\" data-id=\"92c94be\" data-element_type=\"widget\" data-widget_type=\"heading.default\">\n\t\t\t\t<div class=\"elementor-widget-container\">\n\t\t\t<h2 class=\"elementor-heading-title elementor-size-default\">Decano de la Facultad de Ciencias Administrativas Encargado<\/h2>\t\t<\/div>\n\t\t\t\t<\/div>\n\t\t\t\t<div class=\"elementor-element elementor-element-12d4da6 elementor-widget elementor-widget-heading\" data-id=\"12d4da6\" data-element_type=\"widget\" data-widget_type=\"heading.default\">\n\t\t\t\t<div class=\"elementor-widget-container\">\n\t\t\t<h2 class=\"elementor-heading-title elementor-size-default\">Lic. William Castillo\n<\/h2>\t\t<\/div>\n\t\t\t\t<\/div>\n\t\t\t\t\t<\/div>\n\t\t\t\t<\/div>\n\t\t<div class=\"elementor-element elementor-element-b225426 e-flex e-con-boxed e-con e-child\" data-id=\"b225426\" data-element_type=\"container\" data-settings=\"{&quot;background_background&quot;:&quot;classic&quot;}\">\n\t\t\t\t\t<div class=\"e-con-inner\">\n\t\t\t\t<div class=\"elementor-element elementor-element-d189e99 elementor-widget elementor-widget-heading\" data-id=\"d189e99\" data-element_type=\"widget\" data-widget_type=\"heading.default\">\n\t\t\t\t<div class=\"elementor-widget-container\">\n\t\t\t<h2 class=\"elementor-heading-title elementor-size-default\">Decano de la Facultad de Ciencias de la Inform\u00e1tica Encargada<\/h2>\t\t<\/div>\n\t\t\t\t<\/div>\n\t\t\t\t<div class=\"elementor-element elementor-element-12aca7b elementor-widget elementor-widget-heading\" data-id=\"12aca7b\" data-element_type=\"widget\" data-widget_type=\"heading.default\">\n\t\t\t\t<div class=\"elementor-widget-container\">\n\t\t\t<h2 class=\"elementor-heading-title elementor-size-default\">Msc . Belkis Matheus<\/h2>\t\t<\/div>\n\t\t\t\t<\/div>\n\t\t\t\t\t<\/div>\n\t\t\t\t<\/div>\n\t\t\t\t\t<\/div>\n\t\t\t\t<\/div>\n\t\t<div class=\"elementor-element elementor-element-5499f6b e-flex e-con-boxed e-con e-child\" data-id=\"5499f6b\" data-element_type=\"container\">\n\t\t\t\t\t<div class=\"e-con-inner\">\n\t\t<div class=\"elementor-element elementor-element-5db0e1e e-flex e-con-boxed e-con e-child\" data-id=\"5db0e1e\" data-element_type=\"container\" data-settings=\"{&quot;background_background&quot;:&quot;classic&quot;}\">\n\t\t\t\t\t<div class=\"e-con-inner\">\n\t\t\t\t<div class=\"elementor-element elementor-element-c564160 elementor-widget elementor-widget-heading\" data-id=\"c564160\" data-element_type=\"widget\" data-widget_type=\"heading.default\">\n\t\t\t\t<div class=\"elementor-widget-container\">\n\t\t\t<h2 class=\"elementor-heading-title elementor-size-default\">Decano de la Facultad de Ingenier\u00eda Encargada<\/h2>\t\t<\/div>\n\t\t\t\t<\/div>\n\t\t\t\t<div class=\"elementor-element elementor-element-fc7b84b elementor-widget elementor-widget-heading\" data-id=\"fc7b84b\" data-element_type=\"widget\" data-widget_type=\"heading.default\">\n\t\t\t\t<div class=\"elementor-widget-container\">\n\t\t\t<h2 class=\"elementor-heading-title elementor-size-default\">Msc . Belkis Matheus<\/h2>\t\t<\/div>\n\t\t\t\t<\/div>\n\t\t\t\t\t<\/div>\n\t\t\t\t<\/div>\n\t\t<div class=\"elementor-element elementor-element-d22b30c e-con-full e-flex e-con e-child\" data-id=\"d22b30c\" data-element_type=\"container\">\n\t\t\t\t<\/div>\n\t\t<div class=\"elementor-element elementor-element-4a1685d e-con-full e-flex e-con e-child\" data-id=\"4a1685d\" data-element_type=\"container\">\n\t\t\t\t<\/div>\n\t\t\t\t\t<\/div>\n\t\t\t\t<\/div>\n\t\t\t\t\t<\/div>\n\t\t\t\t<\/div>\n\t\t\t\t<\/div>\n\t\t","protected":false},"excerpt":{"rendered":"<p>La Universidad Rese\u00f1a Hist\u00f3rica La Universidad Nueva Esparta representa la culminaci\u00f3n de un proyecto educativo iniciado por sus fundadores Dr. Juan B. Marcano Marcano y Prof. Gladys J. Carmona de Marcano, que se gesta a partir del 20 de septiembre de 1954 con la inauguraci\u00f3n del Colegio Nueva Esparta y posteriormente en el a\u00f1o 1963 [&hellip;]<\/p>\n","protected":false},"author":1,"featured_media":0,"parent":0,"menu_order":0,"comment_status":"closed","ping_status":"closed","template":"","meta":{"footnotes":""},"class_list":["post-1453","page","type-page","status-publish","hentry"],"_links":{"self":[{"href":"https:\/\/une.edu.ve\/index.php?rest_route=\/wp\/v2\/pages\/1453","targetHints":{"allow":["GET"]}}],"collection":[{"href":"https:\/\/une.edu.ve\/index.php?rest_route=\/wp\/v2\/pages"}],"about":[{"href":"https:\/\/une.edu.ve\/index.php?rest_route=\/wp\/v2\/types\/page"}],"author":[{"embeddable":true,"href":"https:\/\/une.edu.ve\/index.php?rest_route=\/wp\/v2\/users\/1"}],"replies":[{"embeddable":true,"href":"https:\/\/une.edu.ve\/index.php?rest_route=%2Fwp%2Fv2%2Fcomments&post=1453"}],"version-history":[{"count":55,"href":"https:\/\/une.edu.ve\/index.php?rest_route=\/wp\/v2\/pages\/1453\/revisions"}],"predecessor-version":[{"id":4024,"href":"https:\/\/une.edu.ve\/index.php?rest_route=\/wp\/v2\/pages\/1453\/revisions\/4024"}],"wp:attachment":[{"href":"https:\/\/une.edu.ve\/index.php?rest_route=%2Fwp%2Fv2%2Fmedia&parent=1453"}],"curies":[{"name":"wp","href":"https:\/\/api.w.org\/{rel}","templated":true}]}}