{"id":1167,"date":"2023-05-29T10:46:55","date_gmt":"2023-05-29T14:46:55","guid":{"rendered":"https:\/\/une.edu.ve\/?page_id=1167"},"modified":"2023-09-22T15:06:05","modified_gmt":"2023-09-22T19:06:05","slug":"vicerrectorado-academico","status":"publish","type":"page","link":"https:\/\/une.edu.ve\/?page_id=1167","title":{"rendered":"Vicerrectorado Acad\u00e9mico"},"content":{"rendered":"\t\t<div data-elementor-type=\"wp-page\" data-elementor-id=\"1167\" class=\"elementor elementor-1167\" data-elementor-post-type=\"page\">\n\t\t\t\t<div class=\"elementor-element elementor-element-c58cdeb e-flex e-con-boxed e-con e-parent\" data-id=\"c58cdeb\" data-element_type=\"container\">\n\t\t\t\t\t<div class=\"e-con-inner\">\n\t\t\t\t<div class=\"elementor-element elementor-element-89f629d elementor-widget elementor-widget-heading\" data-id=\"89f629d\" data-element_type=\"widget\" data-widget_type=\"heading.default\">\n\t\t\t\t<div class=\"elementor-widget-container\">\n\t\t\t<h2 class=\"elementor-heading-title elementor-size-default\">Vicerrectorado Acad\u00e9mico<\/h2>\t\t<\/div>\n\t\t\t\t<\/div>\n\t\t\t\t<div class=\"elementor-element elementor-element-2d2c300 elementor-widget elementor-widget-text-editor\" data-id=\"2d2c300\" data-element_type=\"widget\" data-widget_type=\"text-editor.default\">\n\t\t\t\t<div class=\"elementor-widget-container\">\n\t\t\t\t\t\t\t<p><span style=\"color: #147373;\"><strong>Misi\u00f3n<\/strong><\/span><\/p><p>El Vicerrectorado Acad\u00e9mico tiene como misi\u00f3n formular, planificar y coordinar las pol\u00edticas y estrategias tendientes al fomento y desarrollo de las actividades de docencia e investigaci\u00f3n.<\/p><p><span style=\"color: #007587;\"><strong>Visi\u00f3n<\/strong><\/span><\/p><p>El Vicerrectorado Acad\u00e9mico garantiza institucionalmente la adaptaci\u00f3n de las pol\u00edticas acad\u00e9micas de la Universidad Nueva Esparta a un contexto social de permanente cambio.<\/p><p><strong><span style=\"color: #147373;\">Objetivos:<\/span><\/strong><\/p><p>1. Impulsar el desarrollo de la competencia propia de las direcciones de Escuela.<\/p><p>2. Dirigir el desarrollo de la Academia Universitaria hacia la relaci\u00f3n entre la investigaci\u00f3n y el proceso Aprender \u2013 Aprender.<\/p><p>3. Orientar los programas institucionales de asignaturas hacia una coherente visi\u00f3n del mundo.<\/p><p>4. Promover actividades para proporcionar a los medios que faciliten la superaci\u00f3n del rendimiento estudiantil.<\/p><p>5. Orientar el estudiantado hacia una visi\u00f3n org\u00e1nica de la realidad.<\/p><p>6. Estimular constantemente el progreso intelectual.<\/p><p><strong><span style=\"color: #147373;\">Funciones<\/span><\/strong><\/p><p>El Vicerrectorado Acad\u00e9mico es la autoridad responsable de los asuntos concernientes al \u00e1rea acad\u00e9mica de la Universidad y tiene como atribuciones principales:<\/p><p>Suplir las ausencias temporales del Rectorado.<br \/>Cumplir las funciones que le sean asignadas por el Consejo Universitario o el Rectorado.<br \/>Establecer, conjuntamente con el Rectorado, los lineamientos generales de las pol\u00edticas acad\u00e9micas de la Universidad.<br \/>Presidir el Consejo Acad\u00e9mico y velar por el cumplimiento de sus decisiones.<br \/>Supervisar y coordinar, de acuerdo con el Rectorado, las actividades de Docencia, Investigaci\u00f3n y Extensi\u00f3n.<br \/>Las dem\u00e1s que le se\u00f1alen los reglamentos internos.<\/p>\t\t\t\t\t\t<\/div>\n\t\t\t\t<\/div>\n\t\t\t\t\t<\/div>\n\t\t\t\t<\/div>\n\t\t\t\t<\/div>\n\t\t","protected":false},"excerpt":{"rendered":"<p>Vicerrectorado Acad\u00e9mico Misi\u00f3n El Vicerrectorado Acad\u00e9mico tiene como misi\u00f3n formular, planificar y coordinar las pol\u00edticas y estrategias tendientes al fomento y desarrollo de las actividades de docencia e investigaci\u00f3n. Visi\u00f3n El Vicerrectorado Acad\u00e9mico garantiza institucionalmente la adaptaci\u00f3n de las pol\u00edticas acad\u00e9micas de la Universidad Nueva Esparta a un contexto social de permanente cambio. Objetivos: 1. [&hellip;]<\/p>\n","protected":false},"author":1,"featured_media":0,"parent":0,"menu_order":0,"comment_status":"closed","ping_status":"closed","template":"","meta":{"footnotes":""},"class_list":["post-1167","page","type-page","status-publish","hentry"],"_links":{"self":[{"href":"https:\/\/une.edu.ve\/index.php?rest_route=\/wp\/v2\/pages\/1167","targetHints":{"allow":["GET"]}}],"collection":[{"href":"https:\/\/une.edu.ve\/index.php?rest_route=\/wp\/v2\/pages"}],"about":[{"href":"https:\/\/une.edu.ve\/index.php?rest_route=\/wp\/v2\/types\/page"}],"author":[{"embeddable":true,"href":"https:\/\/une.edu.ve\/index.php?rest_route=\/wp\/v2\/users\/1"}],"replies":[{"embeddable":true,"href":"https:\/\/une.edu.ve\/index.php?rest_route=%2Fwp%2Fv2%2Fcomments&post=1167"}],"version-history":[{"count":13,"href":"https:\/\/une.edu.ve\/index.php?rest_route=\/wp\/v2\/pages\/1167\/revisions"}],"predecessor-version":[{"id":2629,"href":"https:\/\/une.edu.ve\/index.php?rest_route=\/wp\/v2\/pages\/1167\/revisions\/2629"}],"wp:attachment":[{"href":"https:\/\/une.edu.ve\/index.php?rest_route=%2Fwp%2Fv2%2Fmedia&parent=1167"}],"curies":[{"name":"wp","href":"https:\/\/api.w.org\/{rel}","templated":true}]}}